hest common factor of j and r?
6
Suppose 2*z - 3*k = -0*k + 7, 2*k - 2 = 3*z. Let a be 93/(z + 1 + 4). What is the greatest common divisor of 31 and a?
31
Let a(v) = v**2 + v + 11. Let n(j) = -j**2 - 5. Let r(t) = -3*a(t) - 5*n(t). Let c be r(8). What is the highest common divisor of c and 24?
24
Let d = -32 - -56. Suppose -5*g - 2*x + 39 = -793, 0 = -2*x - 8. What is the greatest common factor of d and g?
24
Let a = -839 + 855. What is the greatest common factor of 256 and a?
16
Let q = 142 + -93. Suppose 47*d + 32 = q*d. Let p be (-1 + 178/2)*2. Calculate the greatest common factor of d and p.
16
Let z = 173 + -129. What is the highest common factor of 187 and z?
11
Suppose 2*d = -d, -8*v + 3*d = -120. What is the greatest common factor of v and 45?
15
Suppose 111 = 6*r - 657. Calculate the highest common factor of 12 and r.
4
Let a(x) = x - 20. Let t be a(25). Suppose -20 = -y - 3*y. Calculate the highest common divisor of t and y.
5
Let j be 2/(-2) + -13 + 17 - -5. Calculate the highest common factor of j and 4.
4
Suppose 793 = -42*h + 3355. Calculate the greatest common factor of h and 3.
1
Suppose 18*z - 945 - 447 = 264. Let j be 278/4 + 4/(-8). Suppose 0*s = -3*s + j. Calculate the greatest common divisor of z and s.
23
Let h be (-1 - (0 - 3)) + -4 + 4. Let l be (-568)/(-48) + 2/(6*h). Calculate the highest common divisor of l and 60.
12
Let x(z) = 75*z**2 + 1. Let u be x(1). Let v be ((-38)/12)/(9 + (-330)/36). What is the highest common divisor of v and u?
19
Let l(w) = 5*w - 48. Suppose 3*n = -12, 3*u + 0*n - 3*n = 66. Let i be l(u). Calculate the highest common factor of i and 14.
14
Let f(n) = n + 2. Let h be f(7). What is the greatest common factor of 111 and h?
3
Let p(c) = -c**2 - 4*c + 4. Let a be p(-6). Let i be (-37 - -31)*a/3. Calculate the highest common divisor of i and 8.
8
Suppose -1810 = 100*l - 5710. What is the greatest common divisor of l and 637?
13
Let d be -1 + (-46 - 5)/(-3). Let x = 171 - 27. Calculate the highest common factor of x and d.
16
Let c be (35/(-15)*3)/1. Let f = c - -27. Calculate the highest common factor of 15 and f.
5
Suppose 0 = -3*n + 4*j + 1, 8*j = 3*n + 3*j - 2. Let k(a) = -8*a**3 - a**2 - a - 1. Let o be k(n). Calculate the highest common factor of o and 7.
7
Let j(k) = -18*k + 55. Let m be j(-5). Calculate the greatest common factor of 29 and m.
29
Let m = -18 - -20. Suppose 0 = -o + 5*a + m, -a = -4*o + 2*a + 93. Let z be (-96)/10*90/(-4). What is the highest common factor of o and z?
27
Let o(j) = j**2 - 7*j + 9. Let v be o(5). Let p be v - 1 - (-4 + -251). Calculate the greatest common divisor of p and 23.
23
Suppose 0 = -3*i + r + 11, -2*r = -6 + 4. Calculate the greatest common factor of 212 and i.
4
Suppose -6 = -18*z + 15*z, -4*z + 36 = 2*k. What is the highest common divisor of k and 2198?
14
Let d = 364 - 238. Suppose -4*z = -3*c + 178, -5*c + 3*z + d = -156. Calculate the highest common divisor of c and 18.
18
Suppose 206*i + 50 = 207*i. What is the greatest common factor of i and 150?
50
Let c be (5/((-25)/(-5)))/(3/9). Suppose -4*n + 3*n = -2*r + 44, -c*r + 84 = 3*n. What is the highest common factor of 24 and r?
24
Suppose -80*c + 85986 = -200094. What is the greatest common divisor of 149 and c?
149
Suppose 279 = q + 4*p - 230, p = 3*q - 1553. What is the greatest common factor of 11 and q?
11
Let p = 1839 - 1748. Calculate the highest common factor of p and 2093.
91
Suppose 50 = 6*g - g. Suppose 2*c - 19 = -10*h + 5*h, -c + g = 3*h. Calculate the greatest common divisor of c and 14.
7
Let z = 62 - 10. Suppose -3*c = 12, 0*c = -n + 2*c + z. What is the greatest common divisor of 33 and n?
11
Let g(i) = -i - 5. Let y be g(-7). Suppose y*n - 1 = 5. Suppose 4*j - n*f = 289, -5*j + 0*f + 5*f + 365 = 0. What is the highest common factor of 10 and j?
10
Suppose -3*m - 4 = -1. Let x = 39 - m. Calculate the highest common divisor of 5 and x.
5
Let l(i) = -i**2 - 13*i + 10. Let x be l(-11). Let q be (-2)/11 - 16920/(-132). What is the greatest common factor of q and x?
32
Let r = -7474 + 7612. Suppose -v + 6*v - 230 = 0. What is the highest common factor of v and r?
46
Let h be 44*(3/6 + -1). Let t = h - -43. What is the highest common divisor of 42 and t?
21
Suppose 4*j - 2*j = 3*m + 118, 2*m = -5*j - 85. Let n = m - -48. Calculate the greatest common factor of 88 and n.
8
Let k be (-28)/((0 - 4) + 2). Calculate the greatest common factor of 7 and k.
7
Let r(g) = -3*g - 8. Let b be r(-4). Let u(k) = k**3 + k**2 + 3*k + 2. Let c be u(2). Calculate the highest common factor of c and b.
4
Suppose -y + 13 + 17 = 4*a, 0 = -a + y + 10. What is the highest common divisor of a and 13?
1
Let b = 298 - 211. Suppose -b + 23 = -2*r. Calculate the greatest common divisor of 16 and r.
16
Suppose 0 = -52*l + 49*l + 24. What is the highest common factor of 528 and l?
8
Suppose -72 = -2*c - 4*j, j = -1 - 0. Let v be 117/6*24/54*-3. Let f = c + v. Calculate the highest common factor of f and 18.
6
Suppose 2*u + 46 = -0*u. Let c = -15 - u. Let z = 13 + -1. What is the highest common factor of c and z?
4
Let o = -33 + 41. Suppose v = -4*d + d - o, -2*v + 20 = -3*d. What is the highest common factor of 4 and v?
4
Suppose -215 = -3*s - 16*k + 21*k, -4*k - 142 = -2*s. Calculate the greatest common factor of 6 and s.
3
Suppose -58*u + 61*u = 114. Suppose u*m - 37*m = 57. Let d be 0 + 0 + 36 - -2. Calculate the greatest common factor of d and m.
19
Suppose -z = -0*z + 50. Let r be z*(-24)/15*1/4. What is the greatest common factor of r and 20?
20
Let b = -14 - -30. Suppose -c + i + b + 86 = 0, c + 4*i = 82. Calculate the greatest common divisor of 14 and c.
14
Let a = 200 + -378. Let w = -152 - a. What is the greatest common factor of w and 39?
13
Let b be 784/26 - 3 - 2/13. Suppose 121 - 13 = -4*i. Let a = b - i. What is the greatest common divisor of a and 6?
6
Suppose 209 + 295 = g. What is the greatest common factor of g and 56?
56
Let y(r) = -r**3 - 4*r**2 - 5. Let a be y(4). Suppose -2*j = -0*j - 398. Let t = j + a. Calculate the highest common divisor of 6 and t.
6
Let h be 2 + (0 - -3 - 8). Let l be ((-4)/h)/(3/9). Suppose q + l*q = 45. What is the highest common factor of q and 27?
9
Let t(c) = -24*c + 3. Let k be t(2). Let b be ((-54)/k)/(2/120). Let j be -32*1/6*9/(-2). Calculate the highest common divisor of j and b.
24
Let b(w) = w**3 - 50*w**2 + 147*w - 273. Let z be b(47). Let n(p) = -p**3 + 11*p**2 - 9*p. Let v be n(9). What is the greatest common divisor of v and z?
9
Let y(g) = -27*g**3. Let l = -60 - -59. Let u be y(l). Calculate the highest common factor of u and 297.
27
Suppose -2*b = b - 63. Suppose -b = -3*m - 75. Let g = m + 40. Calculate the highest common divisor of 33 and g.
11
Let l be 1*(-4 - (-3 - 8)). What is the greatest common factor of 882 and l?
7
Let p be 3 - (-25)/15 - 2/3. Suppose -p*d = -9*d + 50. Calculate the greatest common factor of 50 and d.
10
Let y be (6/(-9) - -1)/((-4)/(-132)). Let x(s) = 26*s - 5. Let j be 170/45 + 2/9. Let d be x(j). What is the greatest common factor of y and d?
11
Let b = -13 - 9. Let k = 42 + b. What is the greatest common factor of 50 and k?
10
Let k(h) = 32*h. Let r be k(1). What is the greatest common divisor of 12 and r?
4
Suppose 5*i - 1 = -16. Let h(q) = -q**2 - 6*q - 3. Let y be h(i). Let w = -3 + 5. Calculate the highest common factor of w and y.
2
Suppose 52*l + 351 = 65*l. Let v be 1/(-2)*(-36)/1. What is the greatest common factor of v and l?
9
Let z be 7/2 + 2/4. Let g = -278 - -284. Suppose 5*x = 3*p - 175, -p - g = -z*x - 76. What is the highest common factor of p and 10?
10
Suppose 3*c = 3*q, -6*q - 2*c + 8 = -4*q. Suppose s + q*s = 93. Let t = -21 + s. Calculate the greatest common factor of 15 and t.
5
Let i(c) = -c**3 - 12*c**2 - 16*c + 65. Let t be i(-10). Calculate the highest common factor of t and 155.
5
Let v(q) = 39*q - 218. Let i be v(6). Let o be 1 - 0 - (1 + -2). Suppose -n - i = -o*n. Calculate the greatest common divisor of 144 and n.
16
Suppose 2*d + 6 = 4*d. Suppose 0 = -d*m - m + 128. Suppose -2*c + 4 + m = 0. What is the greatest common factor of c and 6?
6
Suppose -21*x + 8233 = -1511. Calculate the highest common divisor of x and 16.
16
Let q(p) = -3*p**3 - 4*p**2 - 6*p + 2. Let d be q(-2). What is th